5 = 175. Let u = -913 - -1635. What is the highest common factor of u and m?
38
Let c = 499 - 509. Let p(t) = t**3 + 12*t**2 - 4*t + 75. Let d be p(c). Calculate the highest common factor of d and 15.
15
Let p be (-18)/(-12)*-12 - -14 - -3*24. What is the greatest common factor of p and 3689?
17
Let i(l) = -l**2 + 2*l + 19. Let h be i(5). Suppose 2*v - 104 = -2*v + 4*c, 5*v + h*c - 94 = 0. Calculate the greatest common divisor of 2 and v.
2
Suppose 10336 = c + 135*c. Suppose 3*u = -2*u + 190. What is the highest common divisor of u and c?
38
Suppose 12*v = 18*v - 1518. Suppose 0 = -64*g + 53*g + 363. Calculate the highest common factor of g and v.
11
Let u = 284 + 472. Suppose 872 = -14*c + 19*c - 4*d, 4*d = -3*c + 472. What is the greatest common factor of u and c?
84
Suppose 4*r + 2*x - 76 = 0, 28 = -3*r - 4*x + 80. Suppose -6*s + 16 = -r. Let c be ((-27)/(-6))/((-1)/(-2)). Calculate the highest common factor of c and s.
3
Suppose -3*x - 3*a + 18 = -0*a, 0 = -x + 2*a + 6. Suppose -118 = x*i - 286. What is the highest common divisor of i and 7?
7
Suppose 259 + 291 = 50*p. What is the greatest common divisor of 209 and p?
11
Let p(r) = -r**3 - 2*r**2 + r + 2. Let v = 183 + -187. Let j be p(v). Calculate the greatest common factor of j and 130.
10
Suppose 2*x - 4*b - 13 = 9, -6*b - 24 = 0. Let l be (-35 - 1)/((-15)/20). Calculate the highest common divisor of l and x.
3
Suppose -3*v = -3*d - 29921 + 102389, -2*d + 4*v = -48302. Calculate the highest common factor of 37 and d.
37
Suppose -840 = 2*m - 7*m. Suppose -5*n + p = -297, 123 = 7*n - 5*n + p. Suppose -11*k + 3 = -10*k, -2*d + n = 4*k. What is the highest common factor of m and d?
24
Let c = 61 + -25. Let r = 50 + -54. Let l be (r/10)/((-4)/360*3). What is the highest common divisor of c and l?
12
Let x(z) = -z**3 - 7*z**2 - 2*z + 1. Let u be x(-6). Let n = u + 29. Suppose n*d + 2*d = 72. What is the highest common factor of 18 and d?
9
Let b(s) = 73*s**2 + 3*s + 2. Let y = 38 - 39. Let f be b(y). Let p(h) = 2*h - 9. Let n be p(9). What is the highest common divisor of n and f?
9
Let n = 16670 + -16649. Suppose -6*h + 2*h + 112 = 0. Calculate the highest common divisor of h and n.
7
Let u = -4773 - -6019. What is the greatest common factor of 98 and u?
14
Let x = -66 - -98. Let a = 35 - x. Let b be (-10)/105*a - 774/(-14). What is the greatest common divisor of 11 and b?
11
Let t(k) = 2*k**3 - 9*k**2 + 3*k + 4. Let s be t(4). Let x(h) = -h**3 - h**2 + 4*h + 63. Let f be x(s). What is the greatest common divisor of 21 and f?
21
Let h be (-2)/2*(2 + 4 + -37). Let v = 88 + -88. Let l be -1 - h/(-1)*(v - -1). Calculate the greatest common factor of l and 50.
10
Let y be (-12)/42 - 3754/(-7). Suppose 20123 = -75*t + 257*t - 16459. What is the greatest common divisor of t and y?
67
Suppose 629*n - 3*x - 21800 = 625*n, -5*x + 20 = 0. Calculate the greatest common divisor of 133 and n.
133
Let u = 6889 + -6695. Calculate the highest common factor of u and 10.
2
Suppose 3*w = 5*h + 144, 2*w + 4*h + 205 = 279. Let l be (-1)/2 + (-5512)/(-16). What is the highest common divisor of l and w?
43
Suppose 12*i = 10*i + 8. Let u be i/((-60)/543) - 1/(-5). Let g = 61 + u. Calculate the greatest common divisor of g and 225.
25
Suppose 4*a + a - 3*f - 624 = 0, -498 = -4*a + 3*f. Suppose 0 = -2*j - 2475 + 2529. Calculate the highest common factor of j and a.
9
Suppose 2384 = -9*m - 7*m. Let z = m + 297. Calculate the greatest common factor of 4 and z.
4
Suppose 14*i + 30 = 4*i. Let c be 1/(-3 - ((-2)/(-378) + i)). Let l = -49 - c. Calculate the greatest common divisor of l and 35.
35
Suppose 4*d - 45432 = -4*p, 4*p - 4*d = 43573 + 1811. What is the highest common factor of 88 and p?
88
Let l be -2*(-3)/(-3) - -16. Suppose -h + 105 = -w, 0 = -3*h + w - 0*w + 315. Suppose 0 = -427*y + 424*y + h. Calculate the greatest common factor of y and l.
7
Suppose 7*w - 19*w = 1920. Let x be (-1 + w/(-15))*3. Calculate the highest common factor of 551 and x.
29
Let x(b) = -17*b**2 + 598*b - 87. Let h be x(35). Suppose 0 = 4*q - 34 - 74. What is the highest common divisor of q and h?
9
Let f(n) = -n**3 - 15*n**2 + 2*n + 2. Let o be f(-15). Let w = o + 43. Let s be (-7 - w/(-2)) + (-43)/(-2). What is the greatest common factor of s and 198?
22
Let b be (0 + 3688/14)/(44/154). Let j = b + -702. What is the greatest common factor of 100 and j?
20
Let p(o) = o**3 + o + 29. Let t be p(0). Let l be -3 - -4 - (4 + -340). Let k = l + -221. What is the highest common factor of k and t?
29
Suppose 2*h = 3*r + 110, 0 = 5*h - 0*r + r - 326. Calculate the greatest common factor of 6208 and h.
64
Let t(l) = l**2 + 44*l + 199. Let h be t(-5). Let g(k) = -k - 4. Let n be g(-5). Let v be h + 34 + -3*(n + 0). What is the greatest common divisor of v and 35?
35
Let u be 30/(-12)*40936/(-35). Calculate the highest common factor of u and 1032.
172
Suppose 28*q + 2*q - 4182 = 258. What is the greatest common divisor of 7437 and q?
37
Suppose 0 = -5*l + 4*l + 16. Suppose -4*c = -0*c - l. Suppose -23*h - 1 + 34 = -13. Calculate the greatest common factor of h and c.
2
Let x be (-8 + 7)*4 + (312 - 2). What is the highest common divisor of 68 and x?
34
Suppose 0 = -271*k + 293*k - 264. Let u(i) = 2*i**2 - 4*i. Let f be u(6). Calculate the highest common divisor of k and f.
12
Let w(k) = -k**2 + 18*k - 27. Let v be w(16). Suppose -v*y = -0*y - 365. Calculate the greatest common divisor of 73 and y.
73
Let o = -36 - -64. Let b(y) = -2*y**3 + 10*y**2 + 18*y + 6. Let w = -2467 - -2473. Let n be b(w). What is the highest common divisor of o and n?
14
Suppose 4 = -13*r + 69. Suppose -9*i + 707 = -4*i + 4*s, 4*i - 582 = r*s. What is the highest common divisor of i and 44?
11
Let k = -22010 - -22310. Calculate the greatest common factor of 1308 and k.
12
Let i be (-1)/(-4) + (-1)/((-4)/(-985)). Let y = -245 - i. Calculate the greatest common factor of y and 1.
1
Suppose 0 = 100*y - 98*y + 16. Let b be 12 - (y/10)/((-8)/20). Suppose -r - 2*r + 30 = 0. What is the highest common factor of r and b?
10
Let r(z) = 2*z**3 - 2*z**2 - 77*z + 230. Let c be r(4). Let n(s) = s**3 + 4*s**2 - 6*s - 6. Let m be n(-4). What is the highest common divisor of c and m?
18
Let u(l) = -l - 52. Let g be u(9). Let r = g + 61. Suppose -3*s + 1 + 215 = r. What is the highest common divisor of s and 9?
9
Suppose 27*z = 1739 + 1825. Calculate the greatest common divisor of 132 and z.
132
Let h be (17/(-3))/((-32)/192). Let f = 292 - 153. Let x = 241 - f. Calculate the greatest common divisor of x and h.
34
Suppose -11*i = 11*i - 968. Let j be (-11)/(i/(-72)) - (3 - 0). Calculate the greatest common factor of j and 15.
15
Let s = -4721 + 4901. What is the greatest common divisor of s and 132?
12
Suppose 0 = 5*d + 374 + 106. Let a = d - -135. Let c be (-19)/(-3) + 0 + 26/a. What is the highest common factor of c and 49?
7
Let z = -132 - -222. Suppose -27 = -3*f + z. What is the highest common factor of 156 and f?
39
Let g = -37 - -45. Let d(s) = g*s + 33 - 16*s - 3*s**2 + 4*s**2 - 7. Let n be d(10). Calculate the highest common factor of n and 414.
46
Suppose -2 = k, -c - k - 19 = -98. What is the greatest common factor of c and 369?
9
Let l(y) = -2*y**3 + y**2. Let c be l(-2). Let r be 2/c*508 - 4/(-20). Let f = -48 + r. What is the greatest common factor of 27 and f?
3
Let n = 911 + -614. Suppose 176 = -289*r + n*r. What is the greatest common factor of 14 and r?
2
Let v be 2/(-5) + 34/10. Suppose v*n - 147 = -18. Suppose -3*h - n = -163. What is the highest common divisor of 16 and h?
8
Suppose -789 = -20*o + 2071. Suppose -473 = -14*h + o. Calculate the greatest common factor of 198 and h.
22
Suppose -2*g + 0*g = 2*g. Suppose -4*v - 3*c + 188 = -124, g = -5*c - 20. What is the highest common divisor of v and 27?
27
Suppose -5*a + 28 = 2*j + 7, -17 = -3*a + j. Suppose 0 = -5*u - 2*y + 157, -a*u = -5*y - 123 - 62. What is the greatest common divisor of u and 77?
11
Let u be (522/464*(-36)/1)/(1/(-8)). Calculate the highest common factor of u and 228.
12
Let a = -567 + 567. Suppose a = 175*m - 178*m + 15. Suppose -7*p = -4*p - 30. What is the greatest common divisor of p and m?
5
Let v be (50/(-45))/5 - ((-11622)/54 - 1). What is the greatest common factor of 270 and v?
54
Let h